 greatest common factor of 150 and 825.
75
Calculate the greatest common divisor of 84 and 1036.
28
Calculate the greatest common factor of 484 and 11.
11
What is the highest common divisor of 6227 and 13?
13
Calculate the greatest common divisor of 19 and 6289.
19
What is the greatest common divisor of 2834 and 26?
26
Calculate the greatest common factor of 512 and 32.
32
Calculate the highest common divisor of 3970 and 20.
10
What is the greatest common divisor of 1080 and 675?
135
What is the greatest common factor of 172 and 215?
43
Calculate the highest common divisor of 28 and 20412.
28
Calculate the highest common divisor of 175 and 75.
25
Calculate the highest common divisor of 1180 and 20.
20
Calculate the highest common factor of 185 and 148.
37
What is the greatest common factor of 404 and 303?
101
Calculate the highest common divisor of 164 and 4.
4
Calculate the highest common factor of 4487 and 14.
7
What is the greatest common factor of 60 and 560?
20
Calculate the greatest common divisor of 1313 and 65.
13
Calculate the highest common divisor of 464 and 8.
8
What is the highest common divisor of 22 and 9?
1
What is the greatest common factor of 270 and 1485?
135
What is the highest common divisor of 184 and 56?
8
What is the highest common factor of 80 and 90?
10
What is the highest common divisor of 224 and 160?
32
What is the greatest common factor of 1856 and 58?
58
Calculate the highest common divisor of 9801 and 242.
121
What is the highest common divisor of 2020 and 400?
20
Calculate the highest common divisor of 930 and 60.
30
Calculate the greatest common divisor of 2197 and 273.
13
What is the greatest common factor of 9 and 30?
3
What is the greatest common factor of 72 and 168?
24
Calculate the greatest common divisor of 18 and 207.
9
Calculate the greatest common divisor of 78 and 3848.
26
What is the highest common divisor of 60 and 585?
15
What is the greatest common factor of 45778 and 47?
47
What is the highest common factor of 58 and 12?
2
Calculate the highest common factor of 168 and 4788.
84
Calculate the highest common divisor of 5808 and 198.
66
What is the greatest common divisor of 6295 and 20?
5
Calculate the highest common divisor of 765 and 51.
51
Calculate the highest common divisor of 3149 and 470.
47
What is the greatest common factor of 90 and 40?
10
Calculate the greatest common factor of 14171 and 222.
37
What is the greatest common factor of 4 and 748?
4
What is the highest common factor of 92 and 23?
23
Calculate the highest common factor of 12 and 192.
12
Calculate the highest common factor of 80 and 30.
10
What is the highest common divisor of 157 and 18055?
157
What is the highest common factor of 13 and 34411?
13
Calculate the greatest common factor of 108 and 6.
6
What is the greatest common factor of 200 and 32?
8
What is the highest common factor of 104329 and 289?
289
Calculate the greatest common divisor of 10 and 14.
2
What is the greatest common divisor of 15097 and 124?
31
What is the highest common divisor of 36 and 171?
9
What is the greatest common divisor of 2 and 746?
2
What is the greatest common factor of 96 and 3488?
32
Calculate the highest common factor of 731 and 43.
43
What is the highest common factor of 34 and 46?
2
What is the highest common factor of 157 and 11461?
157
Calculate the highest common factor of 5 and 1355.
5
Calculate the highest common divisor of 560 and 40.
40
What is the highest common divisor of 122 and 8?
2
Calculate the greatest common factor of 48 and 624.
48
What is the highest common divisor of 1767 and 171?
57
What is the highest common divisor of 315 and 245?
35
What is the greatest common divisor of 286 and 1001?
143
Calculate the greatest common divisor of 350 and 150.
50
What is the greatest common divisor of 292 and 219?
73
Calculate the highest common divisor of 25 and 130.
5
What is the greatest common factor of 940 and 60?
20
What is the greatest common divisor of 11 and 539?
11
What is the highest common divisor of 166 and 83?
83
Calculate the highest common factor of 8142 and 18.
6
Calculate the highest common factor of 216 and 594.
54
Calculate the highest common divisor of 351 and 216.
27
What is the highest common factor of 492 and 33702?
246
What is the greatest common divisor of 1107 and 82?
41
Calculate the highest common divisor of 124 and 26164.
124
Calculate the highest common factor of 352 and 99.
11
What is the greatest common factor of 3 and 309?
3
Calculate the highest common factor of 781 and 44.
11
What is the greatest common divisor of 432 and 270?
54
Calculate the greatest common divisor of 156 and 7124.
52
Calculate the greatest common factor of 220 and 2684.
44
What is the greatest common factor of 836 and 532?
76
Calculate the highest common factor of 3896 and 40.
8
What is the greatest common divisor of 4 and 844?
4
Calculate the highest common factor of 348 and 24.
12
What is the highest common factor of 4375 and 35?
35
What is the greatest common divisor of 663 and 34?
17
Calculate the greatest common factor of 246 and 13694.
82
Calculate the highest common factor of 1265 and 110.
55
What is the highest common factor of 11 and 109?
1
What is the greatest common divisor of 364 and 676?
52
Calculate the highest common factor of 133 and 14.
7
Calculate the highest common divisor of 282 and 658.
94
What is the greatest common divisor of 128 and 6176?
32
Calculate the greatest common factor of 3443 and 11.
11
What is the greatest common divisor of 18504 and 72?
72
Calculate the highest common divisor of 495 and 5544.
99
Calculate the highest common factor of 1475 and 25.
25
What is the greatest common factor of 675 and 27?
27
Calculate the highest common factor of 14791 and 7.
7
Calculate the highest common factor of 138 and 1173.
69
Calculate the greatest common factor of 1 and 139.
1
Calculate the greatest common divisor of 1 and 32.
1
Calculate the greatest common divisor of 354 and 18231.
177
Calculate the greatest common factor of 1404 and 1287.
117
Calculate the highest common divisor of 34 and 986.
34
Calculate the greatest common divisor of 207 and 23.
23
Calculate the highest common divisor of 8463 and 186.
93
Calculate the greatest common divisor of 91 and 2912.
91
What is the greatest common divisor of 783 and 27?
27
Calculate the greatest common divisor of 13021 and 29.
29
What is the highest common divisor of 200 and 32?
8
Calculate the greatest common factor of 324 and 729.
81
Calculate the highest common divisor of 19 and 1368.
19
Calculate the greatest common divisor of 14 and 106.
2
Calculate the highest common divisor of 525 and 840.
105
What is the greatest common divisor of 44 and 506?
22
What is the highest common divisor of 13 and 104?
13
Calculate the highest common factor of 279 and 63.
9
What is the greatest common factor of 33 and 1848?
33
Calculate the greatest common divisor of 8 and 64.
8
What is the greatest common divisor of 5145 and 1680?
105
Calculate the greatest common factor of 48 and 816.
48
Calculate the highest common factor of 3 and 111.
3
What is the greatest common divisor of 34 and 153?
17
What is the greatest common factor of 23 and 1541?
23
What is the highest common divisor of 2826 and 18?
18
Calculate the highest common factor of 60 and 180.
60
Calculate the highest common factor of 36921 and 31.
31
Calculate the greatest common factor of 153 and 136.
17
What is the highest common factor of 2193 and 1?
1
Calculate the greatest common factor of 1062 and 54.
18
Calculate the highest common factor of 133 and 371.
7
What is the greatest common factor of 27 and 4833?
27
What is the highest common factor of 231 and 42?
21
Calculate the greatest common factor of 454 and 8.
2
What is the highest common factor of 3451 and 119?
119
Calculate the greatest common factor of 66 and 176.
22
What is the greatest common divisor of 822 and 54?
6
Calculate the highest common divisor of 23 and 207.
23
Calculate the highest common divisor of 7429 and 69.
23
Calculate the highest common divisor of 540 and 84.
12
What is the greatest common divisor of 762 and 24?
6
Calculate the greatest common divisor of 40 and 8820.
20
What is the greatest common factor of 6825 and 1470?
105
What is th